{"id":17,"date":"2019-11-15T15:51:08","date_gmt":"2019-11-15T14:51:08","guid":{"rendered":"https:\/\/www.malmedyfolklore.be\/?page_id=17"},"modified":"2025-06-13T09:04:23","modified_gmt":"2025-06-13T07:04:23","slug":"page-dacceuil","status":"publish","type":"page","link":"https:\/\/www.malmedyfolklore.be\/","title":{"rendered":"Accueil"},"content":{"rendered":"\n<figure class=\"wp-block-image size-large\"><img loading=\"lazy\" decoding=\"async\" width=\"1024\" height=\"681\" src=\"https:\/\/www.malmedyfolklore.be\/wp-content\/uploads\/2023\/03\/halle-de-Malmedy-Folklore-1024x681.jpg\" alt=\"\" class=\"wp-image-621\" srcset=\"https:\/\/www.malmedyfolklore.be\/wp-content\/uploads\/2023\/03\/halle-de-Malmedy-Folklore-1024x681.jpg 1024w, https:\/\/www.malmedyfolklore.be\/wp-content\/uploads\/2023\/03\/halle-de-Malmedy-Folklore-300x199.jpg 300w, https:\/\/www.malmedyfolklore.be\/wp-content\/uploads\/2023\/03\/halle-de-Malmedy-Folklore-768x511.jpg 768w, https:\/\/www.malmedyfolklore.be\/wp-content\/uploads\/2023\/03\/halle-de-Malmedy-Folklore-1536x1021.jpg 1536w, https:\/\/www.malmedyfolklore.be\/wp-content\/uploads\/2023\/03\/halle-de-Malmedy-Folklore-2048x1362.jpg 2048w\" sizes=\"auto, (max-width: 706px) 89vw, (max-width: 767px) 82vw, 740px\" \/><\/figure>\n\n\n\n<figure class=\"wp-block-table\"><table><tbody><tr><td class=\"has-text-align-center\" data-align=\"center\"><em>Le Comit\u00e9 de la Soci\u00e9t\u00e9 Royale d&rsquo;Histoire Malmedy &#8211; Folklore\u00a0est heureux de vous accueillir sur son site Internet.<\/em><br> \u00a0 <em>Depuis 1922, notre association veut valoriser l&rsquo;histoire locale et r\u00e9gionale. <\/em> \u00a0 <em>C&rsquo;est en effet\u00a0 en 1922 que vit le jour, sous l&rsquo;impulsion du Lieutenant-g\u00e9n\u00e9ral Baron Baltia, la revue d&rsquo;une nouvelle soci\u00e9t\u00e9 r\u00e9gionale d\u00e9nomm\u00e9e<br>\u00a0\u00ab\u00a0Folklore N\u00e9au (Eupen) &#8211; Malmedy &#8211; Saint-Vith\u00a0\u00bb , qui avait pour but\u00a0de promouvoir l&rsquo;\u00e9tude des traditions de notre terroir.<br>\u00a0<br>En 1923,\u00a0 furent cr\u00e9\u00e9es trois sections locales, respectivement pour les entit\u00e9s de Malmedy, d&rsquo;Eupen et de Saint-Vith. <\/em> \u00a0 <em>Chez nous, ce groupement prit pour nom \u00ab\u00a0MALMEDY &#8211; FOLKLORE\u00a0\u00bb et eut pour premier pr\u00e9sident Joseph Villers &#8211; Beckmann. <\/em> \u00a0 <em>En 1964, la soci\u00e9t\u00e9 fit l&rsquo;acquisition de la Halle de Gr\u00e8t\u00e8dar, notre ancienne Maison de ville, superbe b\u00e2timent datant de 1727. <\/em> \u00a0 <em>Devenue  royale en 1971, la Soci\u00e9t\u00e9 Royale MALMEDY &#8211; FOLKLORE a  pour but de promouvoir l&rsquo;\u00e9tude <em>de l&rsquo;histoire<\/em><\/em>, <em>du folklore et de la g\u00e9n\u00e9alogie  en Wallonie malm\u00e9dienne.<\/em> \u00a0 <em>Vous trouverez ci-apr\u00e8s <a href=\"https:\/\/www.malmedyfolklore.be\/?page_id=2\">la  chronique de notre soci\u00e9t\u00e9<\/a>, <a href=\"https:\/\/www.malmedyfolklore.be\/?page_id=102\">l&rsquo;historique de la Halle de Gr\u00e8t\u00e8dar<\/a>, et <a href=\"https:\/\/www.malmedyfolklore.be\/?cat=4\">le  r\u00e9pertoire de toutes nos parutions depuis 1922<\/a>. <\/em> \u00a0 <em>Vous trouverez aussi les modalit\u00e9s pour obtenir les publications de notre association.<br>\u00a0<br>Nous vous souhaitons une agr\u00e9able et fructueuse visite de notre site. <\/em> \u00a0 \u00a0 <br><em>Le Pr\u00e9sident et les Administrateurs de MALMEDY &#8211; FOLKLORE <\/em><\/td><\/tr><tr><td class=\"has-text-align-center\" data-align=\"center\"><em>Vous pouvez \u00e9galement nous suivre sur Facebook \u00e0 ce lien: <a href=\"https:\/\/www.facebook.com\/groups\/33572937716\/\">Malmedy &#8211; Folklore | Facebook<\/a><\/em><\/td><\/tr><\/tbody><\/table><\/figure>\n\n\n\n<h2 class=\"wp-block-heading has-text-align-center\"><strong>Soci\u00e9t\u00e9 Royale  d&rsquo;Histoire MALMEDY &#8211; FOLKLORE<\/strong><br>revue cr\u00e9\u00e9e en 1922<br>a.s.b.l. fond\u00e9e en 1923<\/h2>\n\n\n\n<p><\/p>\n","protected":false},"excerpt":{"rendered":"<p>Le Comit\u00e9 de la Soci\u00e9t\u00e9 Royale d&rsquo;Histoire Malmedy &#8211; Folklore\u00a0est heureux de vous accueillir sur son site Internet. \u00a0 Depuis 1922, notre association veut valoriser l&rsquo;histoire locale et r\u00e9gionale. \u00a0 C&rsquo;est en effet\u00a0 en 1922 que vit le jour, sous l&rsquo;impulsion du Lieutenant-g\u00e9n\u00e9ral Baron Baltia, la revue d&rsquo;une nouvelle soci\u00e9t\u00e9 r\u00e9gionale d\u00e9nomm\u00e9e\u00a0\u00ab\u00a0Folklore N\u00e9au (Eupen) &#8211; &hellip; <\/p>\n<p class=\"link-more\"><a href=\"https:\/\/www.malmedyfolklore.be\/\" class=\"more-link\">Continuer la lecture<span class=\"screen-reader-text\"> de &laquo;&nbsp;Accueil&nbsp;&raquo;<\/span><\/a><\/p>\n","protected":false},"author":1,"featured_media":0,"parent":0,"menu_order":0,"comment_status":"closed","ping_status":"closed","template":"","meta":{"footnotes":""},"class_list":["post-17","page","type-page","status-publish","hentry"],"_links":{"self":[{"href":"https:\/\/www.malmedyfolklore.be\/index.php?rest_route=\/wp\/v2\/pages\/17","targetHints":{"allow":["GET"]}}],"collection":[{"href":"https:\/\/www.malmedyfolklore.be\/index.php?rest_route=\/wp\/v2\/pages"}],"about":[{"href":"https:\/\/www.malmedyfolklore.be\/index.php?rest_route=\/wp\/v2\/types\/page"}],"author":[{"embeddable":true,"href":"https:\/\/www.malmedyfolklore.be\/index.php?rest_route=\/wp\/v2\/users\/1"}],"replies":[{"embeddable":true,"href":"https:\/\/www.malmedyfolklore.be\/index.php?rest_route=%2Fwp%2Fv2%2Fcomments&post=17"}],"version-history":[{"count":34,"href":"https:\/\/www.malmedyfolklore.be\/index.php?rest_route=\/wp\/v2\/pages\/17\/revisions"}],"predecessor-version":[{"id":757,"href":"https:\/\/www.malmedyfolklore.be\/index.php?rest_route=\/wp\/v2\/pages\/17\/revisions\/757"}],"wp:attachment":[{"href":"https:\/\/www.malmedyfolklore.be\/index.php?rest_route=%2Fwp%2Fv2%2Fmedia&parent=17"}],"curies":[{"name":"wp","href":"https:\/\/api.w.org\/{rel}","templated":true}]}}

<figure class="wp-block-image size-large"><img loading="lazy" decoding="async" width="1024" height="681" src="https://www.malmedyfolklore.be/wp-content/uploads/2023/03/halle-de-Malmedy-Folklore-1024x681.jpg" alt="" class="wp-image-621" srcset="https://www.malmedyfolklore.be/wp-content/uploads/2023/03/halle-de-Malmedy-Folklore-1024x681.jpg 1024w, https://www.malmedyfolklore.be/wp-content/uploads/2023/03/halle-de-Malmedy-Folklore-300x199.jpg 300w, https://www.malmedyfolklore.be/wp-content/uploads/2023/03/halle-de-Malmedy-Folklore-768x511.jpg 768w, https://www.malmedyfolklore.be/wp-content/uploads/2023/03/halle-de-Malmedy-Folklore-1536x1021.jpg 1536w, https://www.malmedyfolklore.be/wp-content/uploads/2023/03/halle-de-Malmedy-Folklore-2048x1362.jpg 2048w" sizes="auto, (max-width: 706px) 89vw, (max-width: 767px) 82vw, 740px" /></figure>



<figure class="wp-block-table"><table><tbody><tr><td class="has-text-align-center" data-align="center"><em>Le Comité de la Société Royale d&rsquo;Histoire Malmedy &#8211; Folklore est heureux de vous accueillir sur son site Internet.</em><br>   <em>Depuis 1922, notre association veut valoriser l&rsquo;histoire locale et régionale. </em>   <em>C&rsquo;est en effet  en 1922 que vit le jour, sous l&rsquo;impulsion du Lieutenant-général Baron Baltia, la revue d&rsquo;une nouvelle société régionale dénommée<br> « Folklore Néau (Eupen) &#8211; Malmedy &#8211; Saint-Vith » , qui avait pour but de promouvoir l&rsquo;étude des traditions de notre terroir.<br> <br>En 1923,  furent créées trois sections locales, respectivement pour les entités de Malmedy, d&rsquo;Eupen et de Saint-Vith. </em>   <em>Chez nous, ce groupement prit pour nom « MALMEDY &#8211; FOLKLORE » et eut pour premier président Joseph Villers &#8211; Beckmann. </em>   <em>En 1964, la société fit l&rsquo;acquisition de la Halle de Grètèdar, notre ancienne Maison de ville, superbe bâtiment datant de 1727. </em>   <em>Devenue  royale en 1971, la Société Royale MALMEDY &#8211; FOLKLORE a  pour but de promouvoir l&rsquo;étude <em>de l&rsquo;histoire</em></em>, <em>du folklore et de la généalogie  en Wallonie malmédienne.</em>   <em>Vous trouverez ci-après <a href="https://www.malmedyfolklore.be/?page_id=2">la  chronique de notre société</a>, <a href="https://www.malmedyfolklore.be/?page_id=102">l&rsquo;historique de la Halle de Grètèdar</a>, et <a href="https://www.malmedyfolklore.be/?cat=4">le  répertoire de toutes nos parutions depuis 1922</a>. </em>   <em>Vous trouverez aussi les modalités pour obtenir les publications de notre association.<br> <br>Nous vous souhaitons une agréable et fructueuse visite de notre site. </em>     <br><em>Le Président et les Administrateurs de MALMEDY &#8211; FOLKLORE </em></td></tr><tr><td class="has-text-align-center" data-align="center"><em>Vous pouvez également nous suivre sur Facebook à ce lien: <a href="https://www.facebook.com/groups/33572937716/">Malmedy &#8211; Folklore | Facebook</a></em></td></tr></tbody></table></figure>



<h2 class="wp-block-heading has-text-align-center"><strong>Société Royale  d&rsquo;Histoire MALMEDY &#8211; FOLKLORE</strong><br>revue créée en 1922<br>a.s.b.l. fondée en 1923</h2>



<p></p>

<p>Le Comité de la Société Royale d&rsquo;Histoire Malmedy &#8211; Folklore est heureux de vous accueillir sur son site Internet.   Depuis 1922, notre association veut valoriser l&rsquo;histoire locale et régionale.   C&rsquo;est en effet  en 1922 que vit le jour, sous l&rsquo;impulsion du Lieutenant-général Baron Baltia, la revue d&rsquo;une nouvelle société régionale dénommée « Folklore Néau (Eupen) &#8211; &hellip; </p>
<p class="link-more"><a href="https://www.malmedyfolklore.be/" class="more-link">Continuer la lecture<span class="screen-reader-text"> de &laquo;&nbsp;Accueil&nbsp;&raquo;</span></a></p>
